d = k, 4*d = -u - 4*u + 41. Calculate the highest common factor of 25 and u.
5
Suppose -9*j + 8*j = -45. Calculate the highest common divisor of j and 495.
45
Let x = 18 - 10. Let j(l) = l**3 - 8*l**2 - 1. Let y be j(x). Let z be -2*(y - (-3)/6). What is the highest common factor of z and 4?
1
Let l(n) = -5*n**2 + n + 4*n**2 - 7 + 8*n. Let x be ((-24)/15)/(1/(-5)). Let m be l(x). Calculate the highest common factor of 11 and m.
1
Suppose 2*w + 37 - 109 = 0. Suppose q - w = -q. Suppose 4*j - q = 2*j. Calculate the highest common divisor of 18 and j.
9
Let g be (27/(-15))/((-1)/10). Calculate the greatest common divisor of g and 6.
6
Let f = 68 - 48. Let a(w) = 2*w. Suppose -2*l + j + 10 = 0, 0*j - 15 = -3*l - 2*j. Let u be a(l). What is the greatest common factor of u and f?
10
Let t be (-156)/15 - (-2)/5. Let q be (-12 - -1)*(t - 3). What is the highest common divisor of 13 and q?
13
Let j be (2/3)/((-2)/(-6)). Suppose -f = -2*f + j. Calculate the greatest common factor of f and 2.
2
Let d(x) = -22*x - 8. Let f be d(-4). Calculate the highest common divisor of f and 40.
40
Suppose -320 = -3*o - 2*g, -8 = 2*g + 2*g. Calculate the greatest common factor of o and 12.
12
Let p(j) = -j + 4. Let u be p(-3). Let x(i) = -2*i + 2*i + i + u. Let l be x(6). What is the greatest common factor of l and 117?
13
Let t be 6/(-3) + (-214)/2. Let b = -60 - t. Calculate the highest common factor of b and 7.
7
Suppose -5*f + q = 6, 3*q = 3*f - q - 10. Let m = f - -2. Suppose -4*x + 1 + 11 = m. What is the greatest common factor of 27 and x?
3
Let c be 0 + 207/(3 + 0). Let z(u) = 5*u**3 + u**2 + 2. Let t be z(2). What is the greatest common factor of t and c?
23
Let g(y) = -3*y - 1. Let v(k) = -1. Let r(t) = -6*g(t) + 6*v(t). Let i be r(2). Suppose 2*f - i = -f. What is the highest common factor of f and 132?
12
Let r be ((-2)/(-4))/((-2)/(-4)). Let c(j) = j + j + 13 - 3*j - 5. Let d be c(6). What is the greatest common factor of d and r?
1
Let k(b) = -b + 4 + 3 - 1 - 2. Let g be k(-7). Calculate the highest common factor of g and 99.
11
Suppose -10 = -2*p, 0 = 5*h - h - 2*p + 34. Let a = h + 3. Let d be 2/a + (-1100)/(-12). Calculate the greatest common divisor of 13 and d.
13
Let m be 28/5 - 2/(-5). Calculate the greatest common factor of 6 and m.
6
Suppose 3*o + 4 = -8. Let b = o + 5. Let q be -9 - -14 - b*2. What is the greatest common divisor of 6 and q?
3
Suppose 7*f - 5*f - 20 = 0. Calculate the greatest common divisor of f and 20.
10
Suppose 0 = 3*m - 0*m - 3, -3*c = -3*m + 9. Let g be -1*c/(-4)*-12. Let v be ((-52)/10)/(g/(-15)). Calculate the greatest common factor of 13 and v.
13
Suppose -3*n - 5*f + 283 = -6*n, 0 = 5*f + 20. Let y = n - -173. What is the highest common factor of y and 8?
8
Suppose -4*z + 95 - 3 = 0. Calculate the greatest common factor of z and 230.
23
Let i be -2 - (-7 - (-2)/1). Let q be -1 + 2 - (i + -10). What is the greatest common factor of q and 20?
4
Let f(c) = 4*c + 6. Let h be f(5). Let p(k) = -2*k**3 - 29*k**2 - 19*k - 31. Let r be p(-14). Calculate the highest common factor of h and r.
13
Let v = 2 - -7. What is the greatest common factor of 6 and v?
3
Suppose -s - 3*s = -1020. Let y = s + -90. Calculate the greatest common factor of y and 15.
15
Let f be 15/2 - (-2)/4. Suppose 2*y = 6 + f. Calculate the greatest common factor of 77 and y.
7
Suppose 5*j - 106 = 2*a, 2*j = -6*a + 5*a + 37. What is the highest common divisor of 280 and j?
20
Let q = 107 - 68. Calculate the greatest common divisor of 156 and q.
39
Let u(p) = p**3 + 2*p**2 - 3*p + 3. Let d(y) = y**3 + 2*y**2 - 4*y - 1. Let l be d(-3). Let x be u(l). Calculate the highest common divisor of x and 39.
13
Let z = 18 + -5. Suppose 0 = -4*n - 4*u + 484, 4*n + u = -4*u + 488. What is the greatest common divisor of n and z?
13
Let o be ((-1635)/10)/((-2)/(-4)). Let b = 503 + o. What is the greatest common divisor of b and 16?
16
Let h be 6/(-4)*(-32)/4. What is the greatest common divisor of h and 12?
12
Suppose 0 = -5*a + 10 - 5. Calculate the greatest common divisor of a and 5.
1
Suppose 0*j = j - 44. Let q = j - 11. What is the highest common factor of q and 3?
3
Suppose c + 2*c + 96 = 0. Let k = 96 + c. What is the greatest common factor of 8 and k?
8
Suppose 0 = -2*q + 71 - 27. Calculate the greatest common factor of q and 2.
2
Suppose -5*k = 4*k - 315. What is the highest common factor of k and 7?
7
Suppose 0 = g + 4*g. Suppose g = -5*x + 28 + 32. What is the highest common factor of 12 and x?
12
Suppose -10 = -u - 4*u. Suppose -5*f = 4*x - 2, -u = x + 4*f + 3. Calculate the highest common factor of 27 and x.
3
Let h = 53 - 41. What is the greatest common divisor of h and 96?
12
Suppose b + 22 = 5*j, j - 3*b = -0 + 10. Let r(w) = 2*w**2 - 4*w - 4. Let m be r(j). Calculate the greatest common divisor of 4 and m.
4
Let m be 2/(-3) + (-6)/(-9). Suppose -3*x + 4*q = -38, m = -q - 1 - 4. Let b = -2 + x. What is the greatest common divisor of 28 and b?
4
Suppose -57*m + 260 = -52*m. Calculate the greatest common divisor of m and 468.
52
Suppose 0 = -4*i + 3*r + 478, -2*i - 599 = -7*i + 3*r. Calculate the highest common factor of i and 11.
11
Suppose -8*p = -10*p + 8. Let l be 8/5 - 2/(-5). Suppose -b + l*b = 20. Calculate the greatest common divisor of p and b.
4
Suppose 4*d + 3*f - 169 = 0, 2*d = -0*d - f + 83. Calculate the highest common factor of 16 and d.
8
Suppose 3 = 3*y - 96. What is the greatest common factor of 22 and y?
11
Let k(d) = 3*d**2 - d - 1. Let i be k(-1). Let q be (2/(-4))/(i/(-6)). Calculate the highest common factor of 7 and q.
1
Suppose 0 = -2*l + 5*l - 12. Suppose -4 = -3*x - x. Calculate the highest common factor of l and x.
1
Let p be 11 - (-8)/(-4) - 4. Calculate the highest common factor of p and 20.
5
Let m(r) = -14*r**2 - 1 + 7*r**2 + 3*r + 10*r**2 - 7*r. Let i be m(5). What is the greatest common divisor of 135 and i?
27
Let t(y) = 3 + y - 9 + 0*y - 3*y. Let p be t(-5). Calculate the highest common factor of p and 1.
1
Let i(y) = -9*y**2 - 8 + y**2 + 7*y + 0*y + y**3 + 3*y. Let h be i(8). Suppose 0 = p + 1 - 9. Calculate the greatest common factor of h and p.
8
Suppose -3*b - 5*d + 2*d = -6, -5*b + 2*d + 10 = 0. Suppose b*i = -i + 30. Calculate the highest common factor of 2 and i.
2
Let a(i) = -i**3 - 5*i**2 + 6*i + 9. Let s be a(-6). Suppose 2*f = 3*f - s. What is the greatest common factor of 6 and f?
3
Let r(q) = -q**3 - 5*q**2 - 3*q + 3. Let s be r(-5). Suppose 2*t = 98 - 8. What is the greatest common factor of s and t?
9
Suppose -216 = -q - 3*q. Suppose 28 = 3*f + 5*z, 5*f - 4*z = -2*z + 26. What is the greatest common divisor of q and f?
6
Let o(h) = h**2 + 11*h + h**2 + 20 - h**2. Let i be o(-15). Calculate the highest common divisor of 8 and i.
8
Let k be (-24)/10 - 4/(-10). Let c be 76/16 + k/(-8). Calculate the highest common factor of c and 45.
5
Let g = -72 + 31. Let b = g - -57. What is the greatest common divisor of b and 24?
8
Let r = -127 + 145. Calculate the greatest common factor of r and 144.
18
Let v(r) = r**3 + 2*r**2 + 2*r + 18. Let o be v(0). Suppose 0 = 4*q - 0*i - 3*i - 24, -30 = -5*q + 4*i. What is the highest common divisor of q and o?
6
Let c be 30*1/3*4. What is the greatest common factor of 100 and c?
20
Suppose 5*a - 11 - 9 = 0. What is the greatest common factor of 16 and a?
4
Let j = 1 - -4. Suppose b = 2*b - j. Calculate the greatest common factor of b and 55.
5
Suppose 0 = -2*l + 18 + 6. Calculate the greatest common factor of 96 and l.
12
Suppose 3*b + 0*b = -3. Let d be 5 + -4 - (-70 - b). Let s = 2 - -12. Calculate the highest common factor of s and d.
14
Let g = 18 + -32. Let t(u) = -u. Let v be t(-1). Let l be v - (g + -1 - -1). Calculate the greatest common divisor of l and 15.
15
Let l(k) = -2*k**2 + 7*k - 5. Let n be l(4). Let m = n - -20. Calculate the greatest common divisor of m and 11.
11
Suppose 5*f = 4*f + 12. Calculate the highest common divisor of 48 and f.
12
Let b be (-6)/(-3)*(1 - 0). Let m(c) = 7*c**2 - 4*c + 5*c**2 + c. Let z be m(b). What is the highest common factor of 6 and z?
6
Let d be (-16)/(-3)*(-81)/(-36). Let r be 1/5 - 356/(-20). Calculate the greatest common factor of d and r.
6
Suppose -4*n + 3*x = -75, -3*x + x - 74 = -4*n. Suppose -i = -2*i + n. What is the high